s 4471 a multiple of 7?
False
Is 880 a multiple of 20?
True
Is 230 a factor of 7146?
False
Does 23 divide 3450?
True
Is 30 a factor of 23970?
True
Is 81 a factor of 243?
True
Is 5232 a multiple of 88?
False
Is 46 a factor of 1365?
False
Does 23 divide 2729?
False
Is 11048 a multiple of 17?
False
Does 37 divide 666?
True
Does 44 divide 2552?
True
Is 19682 a multiple of 13?
True
Is 215 a multiple of 3?
False
Is 2837 a multiple of 17?
False
Is 4 a factor of 276?
True
Does 23 divide 288?
False
Is 3 a factor of 37?
False
Is 11 a factor of 110?
True
Does 20 divide 959?
False
Is 69 a factor of 9522?
True
Is 19 a factor of 67239?
False
Is 3612 a multiple of 14?
True
Does 10 divide 310?
True
Is 3704 a multiple of 8?
True
Is 1990 a multiple of 10?
True
Does 30 divide 21447?
False
Does 44 divide 727?
False
Is 177 a factor of 9912?
True
Does 57 divide 2508?
True
Does 10 divide 9110?
True
Is 101 a factor of 2828?
True
Does 59 divide 4203?
False
Is 1260 a multiple of 70?
True
Is 37125 a multiple of 225?
True
Is 35 a factor of 1012?
False
Is 48316 a multiple of 94?
True
Is 15 a factor of 1162?
False
Does 79 divide 8058?
True
Is 22 a factor of 3787?
False
Does 12 divide 889?
False
Is 30 a factor of 360?
True
Does 19 divide 96?
False
Does 52 divide 11285?
False
Is 9 a factor of 36?
True
Is 4928 a multiple of 11?
True
Is 76 a factor of 1170?
False
Is 3587 a multiple of 164?
False
Is 4622 a multiple of 59?
False
Is 3 a factor of 50518?
False
Is 2 a factor of 29?
False
Does 23 divide 1634?
False
Is 166 a multiple of 9?
False
Is 27 a factor of 5767?
False
Is 625 a multiple of 43?
False
Is 32 a factor of 65103?
False
Does 14 divide 919?
False
Is 20 a factor of 240?
True
Is 15883 a multiple of 295?
False
Is 698 a multiple of 71?
False
Does 99 divide 3366?
True
Is 659 a multiple of 4?
False
Does 15 divide 1410?
True
Is 2009 a multiple of 21?
False
Does 36 divide 4041?
False
Does 5 divide 235?
True
Is 9 a factor of 2106?
True
Is 28 a factor of 532?
True
Is 2782 a multiple of 83?
False
Is 68 a factor of 9305?
False
Is 290 a factor of 9570?
True
Is 5942 a multiple of 5?
False
Does 57 divide 13742?
False
Is 8 a factor of 176?
True
Does 172 divide 5932?
False
Is 9 a factor of 750?
False
Is 142 a multiple of 12?
False
Does 54 divide 29103?
False
Is 3888 a multiple of 54?
True
Is 29 a factor of 55825?
True
Is 11352 a multiple of 22?
True
Is 6474 a multiple of 83?
True
Is 20 a factor of 54?
False
Is 6 a factor of 516?
True
Is 254 a factor of 7366?
True
Is 360 a multiple of 6?
True
Is 2427 a multiple of 9?
False
Is 33677 a multiple of 32?
False
Is 2200 a multiple of 15?
False
Is 2631 a multiple of 29?
False
Does 21 divide 721?
False
Is 70 a factor of 5238?
False
Does 59 divide 5487?
True
Is 111 a factor of 78275?
False
Does 12 divide 37652?
False
Is 1303 a multiple of 14?
False
Is 3 a factor of 1333?
False
Does 21 divide 126?
True
Is 3349 a multiple of 44?
False
Is 29 a factor of 51330?
True
Is 11 a factor of 4285?
False
Does 34 divide 48416?
True
Is 14 a factor of 129958?
False
Is 31086 a multiple of 11?
True
Does 38 divide 3306?
True
Is 12 a factor of 9036?
True
Is 37506 a multiple of 19?
True
Is 63 a factor of 2961?
True
Is 60 even?
True
Is 2860 a multiple of 52?
True
Is 1219 a multiple of 5?
False
Is 9 a factor of 117?
True
Is 2537 a multiple of 29?
False
Is 11799 a multiple of 159?
False
Does 26 divide 1294?
False
Is 10 a factor of 2225?
False
Is 214 a factor of 37501?
False
Is 1663 a multiple of 98?
False
Does 16 divide 719?
False
Does 6 divide 11268?
True
Is 164 a factor of 28301?
False
Does 29 divide 6873?
True
Is 3 a factor of 1617?
True
Does 96 divide 4704?
True
Is 99 a factor of 8174?
False
Is 1450 a multiple of 43?
False
Does 12 divide 1275?
False
Is 7547 a multiple of 20?
False
Does 66 divide 107580?
True
Is 14 a factor of 59808?
True
Is 2 a factor of 233?
False
Is 1622 a multiple of 14?
False
Does 45 divide 41670?
True
Is 60 a factor of 7320?
True
Is 460 a multiple of 3?
False
Is 10030 a multiple of 34?
True
Is 597 a multiple of 7?
False
Does 16 divide 112?
True
Is 15 a factor of 3397?
False
Is 10 a factor of 60056?
False
Is 22 a factor of 4972?
True
Is 8979 a multiple of 219?
True
Does 11 divide 1782?
True
Is 5 a factor of 533?
False
Is 77 a factor of 1309?
True
Is 69 a factor of 8674?
False
Does 30 divide 18600?
True
Is 21924 a multiple of 126?
True
Is 1857 a multiple of 35?
False
Is 11 a factor of 42889?
True
Is 32 a multiple of 2?
True
Is 1921 a multiple of 17?
True
Is 27 a factor of 10754?
False
Is 114 a factor of 12688?
False
Is 12 a factor of 1176?
True
Does 224 divide 14784?
True
Is 912 a multiple of 12?
True
Is 6892 a multiple of 43?
False
Is 50 a factor of 950?
True
Is 74333 a multiple of 49?
True
Is 85 a factor of 66245?
False
Is 14 a factor of 176?
False
Does 43 divide 7601?
False
Does 13 divide 5667?
False
Is 47196 a multiple of 138?
True
Is 96158 a multiple of 48?
False
Does 59 divide 734?
False
Is 59604 a multiple of 163?
False
Does 80 divide 1826?
False
Is 1607 a multiple of 8?
False
Does 13 divide 1951?
False
Is 9 a factor of 3123?
True
Does 5 divide 10?
True
Is 590 a multiple of 6?
False
Does 7 divide 58107?
True
Is 28 a factor of 140?
True
Is 32549 a multiple of 75?
False
Is 5330 a multiple of 34?
False
Is 3 a factor of 33?
True
Is 5312 a multiple of 32?
True
Is 18 a factor of 2484?
True
Is 3 a factor of 4965?
True
Is 129 a factor of 13458?
False
Is 635 a multiple of 14?
False
Is 638 a multiple of 58?
True
Does 17 divide 125?
False
Is 7 a factor of 30898?
True
Is 46 a factor of 46286?
False
Is 70 a factor of 51660?
True
Does 28 divide 1540?
True
Is 66 even?
True
Does 6 divide 5769?
False
Does 26 divide 4926?
False
Does 8 divide 2262?
False
Is 9559 a multiple of 11?
True
Is 9 a factor of 89?
False
Is 30 a factor of 2250?
True
Is 1999 a multiple of 35?
False
Does 13 divide 65182?
True
Is 977 a multiple of 7?
False
Is 1700 a multiple of 34?
True
Does 35 divide 528?
False
Is 105 a multiple of 8?
False
Does 15 divide 40292?
False
Does 68 divide 26254?
False
Is 3 a factor of 5844?
True
Is 119 a factor of 27846?
True
Is 1116 a multiple of 11?
False
Does 19 divide 5853?
False
Is 11331 a multiple of 34?
False
Does 80 divide 4640?
True
Does 33 divide 66?
True
Does 11 divide 6919?
True
Does 139 divide 1390?
True
Is 4330 a multiple of 15?
False
Is 21 a factor of 1585?
False
Is 770 a multiple of 14?
True
Is 5 a factor of 4330?
True
Is 477 a multiple of 24?
False
Is 32940 a multiple of 61?
True
Is 30 a factor of 4890?
True
Is 33 a factor of 30635?
False
Does 163 divide 15163?
False
Is 28829 a multiple of 127?
True
Is 63 a multiple of 9?
True
Does 6 divide 1914?
True
Does 16 divide 3168?
True
Is 19459 a multiple of 92?
False
Is 344 a multiple of 112?
False
Is 15632 a multiple of 8?
True
Is 66 a factor of 1452?
True
Is 27 a factor of 216?
True
Is 847 a multiple of 70?
False
Does 105 divide 1787?
False
Does 147 divide 3675?
True
Is 38 a factor of 9626?
False
Is 672 a multiple of 32?
True
Does 10 divide 3614?
False
Is 3094 a multiple of 14?
True
Is 28 a factor of 1484?
True
Is 60 a factor of 77322?
False
Is 30 a factor of 673?
False
Is 36 a factor of 2844?
True
Does 9 divide 129?
False
Is 2201 a multiple of 19?
False
Is 7512 a multiple of 12?
True
Is 7 a factor of 10388?
True
Is 4286 a multiple of 43?
False
Is 28606 a multiple of 91?
False
Is 12 a factor of 38663?
False
Does 30 divide 1518?
False
Is 1365 a multiple of 104?
False
Does 116 divide 21344?
True
Is 2889 a multiple of 9?
True
Is 13 a factor of 1612?
True
Does 10 divide 8137?
False
Does 5 divide 650?
True
Does 24 divide 864?
True
Is 748 a multiple of 22?
True
Is 1435 a multiple of 23?
False
Is 548 a multiple of 12?
False
Is 300 a multiple of 12?
True
Is 8 a factor of 1824?
True
Is 2737 even?
False
Is 252 even?
True
Is 27 a factor of 405?
True
Does 63 divide 756?
True
Does 29 divide 869?
False
Is 46 a factor of 37450?
False
Is 1298 a multiple of 11?
True
Does 6 divide 1614?
True
Does 3 divide 161?
False
Does 48 divide 29520?
True
Does 69 divide 6474?
False
Is 33 a factor of 660?
True
Is 533 a multiple of 70?
False
Does 8 divide 6484?
False
Is 40 a factor of 7147?
False
Is 2549 a multiple of 94?
False
Is 7722 a multiple of 143?
True
Is 32 a factor of 9945?
False
Is 2 a factor of 15426?
True
Does 37 